inder when y is divided by 336.
322
Suppose -12*q + 30*q = -18*q + 44604. Calculate the remainder when q is divided by 10.
9
Suppose -183*h + 160*h - 624 + 1866 = 0. What is the remainder when 166 is divided by h?
4
Let g = -7759 + 7807. What is the remainder when g is divided by 120/7 + (-2)/14?
14
Suppose -118*n - 4 = -119*n. Suppose n*f - 14 = -2. What is the remainder when 6 is divided by f?
0
Let g = -790 + 876. What is the remainder when 161 is divided by g?
75
Suppose -1519*c + 1505*c + 1666 = 0. Let q = 251 - 154. Let k = c - q. What is the remainder when 81 is divided by k?
15
What is the remainder when 60/55 - (-11535)/165 is divided by ((-45)/(-6))/(1/2)?
11
Let b(t) = 19*t**3 + t**2 - 11*t + 10. Suppose -6*o + 9*o - 2*n + 5 = 0, -3*n + 12 = 0. Calculate the remainder when 151 is divided by b(o).
18
Let t(w) = w**2 + 7*w - 8. Let f be t(5). Suppose 42*d + 220 = f*d. What is the remainder when d is divided by 7?
1
What is the remainder when 21 is divided by 16*(-9)/(-144) + 2?
0
Suppose 2798 = 10*o + 2038. What is the remainder when 263 is divided by o?
35
Let s = -4676 + 4753. What is the remainder when 304 is divided by s?
73
Let o = -480 - -486. What is the remainder when 104 is divided by 390/7 + ((-264)/(-42) - o)?
48
Let p = -49 + 119. Suppose -4*g + 244 + 84 = 4*o, 0 = -g - 4*o + p. What is the remainder when g is divided by 15?
11
Suppose -43*u + 16942 + 13459 = 0. Calculate the remainder when u is divided by 51.
44
Let v(l) = l - 261. Let d be v(46). Let u = 248 + d. Calculate the remainder when 47 is divided by u.
14
Let b(o) = 11*o - 40. Let x be b(4). Suppose 5*r + k - 41 = 2*k, 0 = 3*r + x*k - 43. Suppose -43 = -6*t + 5*t. What is the remainder when t is divided by r?
7
Suppose -92 = -4*i + 23*w - 27*w, -2*i - 3*w = -50. Let h(u) = -u**3 - 4*u**2 + 8*u. What is the remainder when h(-6) is divided by i?
5
Let q be 15516/126 - 3/21. Suppose -w - 5*b + 4*b = -59, -3*b = -2*w + q. What is the remainder when 235 is divided by w?
55
Let x be (4/(-6))/((-76)/(-3306)). Let w = x - -69. What is the remainder when 72 is divided by w?
32
Suppose 3*q + 3135 = 3*l, 1377 - 4540 = -3*l - 4*q. Calculate the remainder when l is divided by 70.
69
Let f be (-9)/54 - (-1 + 3409/(-6)). Suppose -24*d + f + 1255 = 0. What is the remainder when 379 is divided by d?
75
Let o = 77 - 80. Let k be (-2)/4*(o + -1). Suppose g + i = -0*g + 13, -29 = -k*g + i. Calculate the remainder when 137 is divided by g.
11
Let t(c) = 61*c - 27. Let b be t(5). Let d = -255 + b. Calculate the remainder when 61/1 + 5 + -2 is divided by d.
18
Let q = -102 + 107. Calculate the remainder when 2689 is divided by q.
4
Let d be (-11)/(11/(-24)) - -2. Suppose -d = 13*o - 312. Let m(w) = 3*w**2 - 8*w. Calculate the remainder when m(6) is divided by o.
16
Let v be 2/((1/48)/((-3)/(-1))). Let q = v - 171. Suppose 5*b - 76 = 9. What is the remainder when q is divided by b?
15
Suppose 0 = 2*x - l - 3*l - 156, 5*x - 3*l - 411 = 0. Suppose x = 58*h - 52*h. Calculate the remainder when h is divided by 9.
5
What is the remainder when 236/708 + 58/6 is divided by 9 - 1*(-3 - -6)?
4
Let c = 1882 + -1866. What is the remainder when 1516 is divided by c?
12
Let b(d) = 11*d**2 - 12*d - 16. Let g be b(-2). Let w(m) = 3*m**2 - 4*m - 2. Let f be w(4). Let a = g - f. Calculate the remainder when 43 is divided by a.
21
Let v = 4881 + -4828. What is the remainder when 14943 is divided by v?
50
Suppose 913*x + 192 = 917*x. What is the remainder when 3639 is divided by x?
39
Let s(b) = 4*b - 44. Let y be s(-8). Suppose -2*d - 8 = -24. Calculate the remainder when y*1/(-2)*1 is divided by d.
6
Let h = -4298 - -4310. Calculate the remainder when 63 is divided by h.
3
Let s be (52/130)/((-1)/(-65)) + -4. Let h = 76 - s. Calculate the remainder when h is divided by 19.
16
Let g(o) = 2*o**2 - 10*o + 3. Let w be ((-6)/(-4))/(15/170). Suppose -w = -2*f + 3*t, -2*f - 6*t + 16 = -8*t. Calculate the remainder when g(f) is divided by 8.
7
Let r(b) = -b**2 + 21*b - 50. Let f be r(19). Let u = 39 + f. Calculate the remainder when u is divided by 15.
12
Suppose -111239 = -34*g - 139*g. What is the remainder when g is divided by 133?
111
Let a(b) = -b**3 + 5*b**2 + 3*b + 4. Let p be a(6). Let w be (-1)/(-2 + p/(-6)). Calculate the remainder when 34 - (2 - w - 2) is divided by 16.
15
Suppose 2*h - 1 = -2*h + 3*y, -5*h - 5*y = 25. Let g(w) = -7*w + 2. What is the remainder when 11 + ((-1125)/(-33) - 37/407) is divided by g(h)?
13
Suppose 0 = -6*g - 207 - 711. Let u = g - -273. What is the remainder when u is divided by 34?
18
Let g(v) be the second derivative of -7*v**3/2 + 53*v**2/2 - 7*v. Let c be g(4). Let b = 33 + c. What is the remainder when 8 is divided by b?
0
What is the remainder when 1489 is divided by (-8)/24*(6/5)/(74/(-4255))?
17
Let j(n) = 9*n**3 + 7*n**2 - 13*n + 40. Suppose -3*h + 93 = -0*h. Calculate the remainder when j(3) is divided by h.
28
Let v = 4518 - 4455. Calculate the remainder when v is divided by (-1 - 45/(-12))*12.
30
Let o(r) = 13*r - 37. Let n(i) = -19*i + 56. Let s(h) = 5*n(h) + 7*o(h). Let t be s(6). Calculate the remainder when 70 + -2*(-1)/2*t is divided by 14.
11
Let i = -3746 + 3787. Calculate the remainder when 2541 is divided by i.
40
Let y = -349 + 369. Let n = -115 - -164. What is the remainder when n is divided by y?
9
Let v = 708 - 632. Suppose -4*s + v = -188. Calculate the remainder when s is divided by 28.
10
Let d(o) = o - 3 - 13*o**2 + 3*o + 12*o**2 + 2*o. Let g be d(4). Suppose p = 3*l - 37, g*l - 4*l + 3*p = 29. What is the remainder when 151 is divided by l?
11
Let g be (-2 - -1)*(-8 + 6). Suppose 0 = 3*y + 14 - g. What is the remainder when (-402)/y - 2 - (-1)/(-2) is divided by 20?
18
Let p = -29536 + 29817. Calculate the remainder when 1002 is divided by p.
159
Let t(i) = -i**3 - 16*i**2 - 5*i + 185. Calculate the remainder when 1433 is divided by t(-15).
33
Calculate the remainder when 154 is divided by -177*9/135*-5.
36
Let f = -327 + 292. Calculate the remainder when (-36)/(-45)*5 - f is divided by (-8)/(-3)*15/4.
9
Let p(a) = -577*a**3 - a**2. Let o be p(1). Let x be (9 - 13)*6/(-8) + 840. Let d = x + o. Calculate the remainder when d is divided by 38.
37
Let a(z) = -8*z + 84. Let c be a(6). Calculate the remainder when c/54 - (-106)/3 is divided by 22.
14
Suppose 4*v - 1190 = -n, -102*v - 2360 = -2*n - 106*v. What is the remainder when n is divided by 384?
18
Suppose 655*g - 652*g = -765. Let y = -212 - g. Calculate the remainder when 211 is divided by y.
39
Suppose -2*h = 6*h - 192. Let q be (482/h + (-42)/56)*-3. Let f = -44 - q. Calculate the remainder when 36 is divided by f.
8
Suppose 11*k - 9*k = 4*q - 10, -q = k - 7. Suppose -o - 6 - 3 = -2*b, 3*b - 4*o - 26 = 0. Calculate the remainder when k is divided by b.
1
Suppose -29*f = 3*o - 34*f - 31727, 0 = -o + 4*f + 10571. Calculate the remainder when o is divided by 11.
8
Suppose -2*d + 13*b - 8*b + 260 = 0, -2*d + 302 = 2*b. Calculate the remainder when 981 is divided by d.
111
Suppose 97 = 3*s - 2*s - 5*o, -s - 5*o + 77 = 0. Suppose 82*v - s*v + 165 = 0. What is the remainder when v is divided by 9?
6
Let t = -355 - -328. Calculate the remainder when (t + (5 - 7))*(-6)/2 is divided by 31.
25
Suppose 8*x = 6*x - r + 4, 0 = 5*x - 4*r - 36. Suppose 3*u - 1213 = x*w, -4*u + 5*u + 2*w - 401 = 0. Calculate the remainder when u is divided by 11.
7
Let c = 100 + -100. Suppose c*a - 80 = -u - 4*a, -4*u + 301 = -3*a. What is the remainder when 79 is divided by u?
3
Suppose -31*a = -5*p - 35*a + 2068, a - 1245 = -3*p. Calculate the remainder when 840 is divided by p.
8
Suppose -6*a + 2*a - 2*p = 4162, 4*p - 1036 = a. Let c = -713 - a. Calculate the remainder when c is divided by 33.
30
Let r be 161*3/(-14)*(-420)/63. Let d = 261 - r. What is the remainder when 274 is divided by d?
26
Suppose 2*g - 3*g = -44. Calculate the remainder when ((-6)/(-10) + 23518/770)*7 is divided by g.
42
Let m = 311 + -296. Suppose 0 = -2*h + 43 + 11. Calculate the remainder when h is divided by m.
12
Let w = -1391 - -1683. What is the remainder when w is divided by (-6)/(-5)*(-2 - -37)?
40
Suppose -6*n - 5578 = -9*n - 2*v, -2*v = -4. Calculate the remainder when n is divided by 31.
29
Let d be 465/40 + (-12)/(-32). Suppos